he greatest common factor of 98 and 692.
2
What is the highest common divisor of 956672 and 6868?
404
What is the highest common factor of 63 and 1355571?
63
What is the greatest common factor of 918 and 45522?
54
What is the highest common factor of 1410 and 884070?
1410
Calculate the highest common factor of 1132565 and 75.
5
Calculate the highest common factor of 2158893 and 9.
9
Calculate the greatest common divisor of 60333 and 78.
39
Calculate the highest common divisor of 18 and 65817.
9
Calculate the highest common factor of 2444 and 819.
13
What is the greatest common divisor of 2860 and 3940?
20
What is the highest common divisor of 100 and 15350?
50
Calculate the highest common divisor of 2896 and 86518.
362
What is the greatest common divisor of 51 and 3903?
3
What is the greatest common factor of 7512 and 5640?
24
What is the highest common factor of 1539 and 57969?
513
What is the highest common factor of 741 and 1178?
19
What is the greatest common divisor of 2535 and 36257?
13
What is the greatest common factor of 10157 and 869149?
1451
What is the greatest common divisor of 11033 and 10148?
59
What is the highest common factor of 576 and 5544?
72
What is the greatest common factor of 31639 and 29?
29
What is the greatest common divisor of 28 and 258398?
14
What is the greatest common factor of 168 and 135576?
168
What is the highest common divisor of 121987 and 1791?
199
What is the highest common divisor of 170 and 148495?
85
Calculate the greatest common factor of 7701 and 5389.
17
Calculate the highest common divisor of 111333 and 531.
177
What is the highest common divisor of 198956 and 16?
4
Calculate the highest common factor of 121 and 39677.
11
What is the greatest common factor of 740200 and 400?
200
What is the highest common factor of 5211 and 1395?
9
Calculate the greatest common factor of 123 and 20459.
41
Calculate the greatest common divisor of 243285 and 60.
15
Calculate the highest common factor of 20 and 19940.
20
Calculate the highest common factor of 11016085 and 17.
17
Calculate the greatest common factor of 299 and 8333.
13
What is the highest common factor of 404592 and 96?
48
What is the highest common divisor of 143115 and 1624?
203
What is the highest common divisor of 72699 and 165?
33
What is the greatest common divisor of 11265 and 60?
15
What is the greatest common factor of 268749 and 312?
39
What is the greatest common factor of 16142 and 14?
14
Calculate the greatest common divisor of 1599 and 13612.
41
What is the highest common factor of 1944 and 203832?
72
What is the highest common factor of 434 and 64?
2
Calculate the highest common divisor of 5202 and 1598.
34
What is the greatest common divisor of 307 and 602334?
307
Calculate the greatest common divisor of 1544 and 1000126.
386
What is the greatest common factor of 217840 and 4340?
140
Calculate the highest common factor of 6775245 and 405.
405
What is the highest common factor of 4160 and 1300?
260
Calculate the highest common divisor of 54 and 626346.
54
What is the greatest common factor of 13812995 and 1610?
805
What is the highest common divisor of 552 and 95220?
276
What is the greatest common divisor of 706958 and 14?
14
Calculate the highest common divisor of 298 and 166.
2
Calculate the greatest common factor of 15345 and 1147.
31
What is the greatest common divisor of 152649 and 126?
63
What is the highest common divisor of 19546 and 7946?
58
What is the greatest common factor of 52 and 4149652?
52
Calculate the greatest common divisor of 9 and 38601.
9
Calculate the highest common divisor of 559305 and 405.
405
Calculate the greatest common divisor of 212359 and 1449.
161
Calculate the highest common factor of 20944 and 128.
16
Calculate the greatest common factor of 204 and 3020016.
204
Calculate the highest common divisor of 120 and 5630280.
120
What is the highest common divisor of 572 and 205777?
143
Calculate the greatest common divisor of 5015 and 1298.
59
Calculate the greatest common divisor of 1943 and 28565.
29
Calculate the highest common factor of 15 and 509193.
3
What is the greatest common factor of 14 and 41148?
2
Calculate the highest common factor of 61776 and 3267.
297
Calculate the highest common divisor of 1128 and 310008.
24
What is the greatest common divisor of 7391 and 1406?
19
What is the greatest common divisor of 238 and 46529?
119
Calculate the greatest common factor of 531448 and 3.
1
Calculate the highest common divisor of 825085 and 235.
235
Calculate the highest common divisor of 4332 and 276.
12
What is the highest common factor of 7618 and 81454?
586
Calculate the greatest common factor of 1644412 and 562.
562
Calculate the greatest common factor of 4943 and 17.
1
Calculate the greatest common divisor of 597624 and 222.
222
What is the highest common divisor of 1570 and 20660?
10
What is the highest common factor of 528 and 150216?
264
Calculate the greatest common factor of 2016 and 6272.
224
What is the greatest common factor of 5 and 10420?
5
What is the highest common factor of 86911 and 11?
11
What is the greatest common factor of 749593 and 529?
529
Calculate the greatest common divisor of 9412 and 41.
1
What is the highest common factor of 1010 and 25?
5
Calculate the highest common factor of 7049793 and 327.
327
Calculate the greatest common factor of 44911 and 1649.
97
What is the highest common divisor of 34 and 70533?
17
Calculate the greatest common divisor of 497970 and 396.
198
What is the highest common divisor of 318096 and 240?
48
What is the highest common factor of 112 and 22456?
56
Calculate the highest common divisor of 485 and 13483.
97
What is the greatest common factor of 2812 and 724793?
703
Calculate the greatest common factor of 70180 and 704.
44
Calculate the highest common divisor of 238 and 1590010.
34
Calculate the highest common divisor of 1786622 and 398.
398
What is the highest common factor of 8 and 18472?
8
Calculate the greatest common factor of 8249069 and 31.
31
What is the greatest common divisor of 122664 and 168?
24
What is the greatest common divisor of 1449 and 2047?
23
Calculate the highest common divisor of 1107599 and 124.
31
Calculate the highest common divisor of 36566 and 94.
94
What is the highest common divisor of 660 and 79530?
330
Calculate the highest common factor of 85884 and 168.
12
What is the greatest common factor of 113620 and 130065?
1495
What is the highest common divisor of 442 and 9256?
26
What is the highest common factor of 24960 and 1144?
104
Calculate the highest common factor of 350 and 360.
10
What is the highest common divisor of 7593 and 6?
3
What is the greatest common divisor of 468 and 80262?
234
What is the highest common factor of 1940390 and 290?
290
What is the greatest common factor of 10010 and 4225?
65
What is the greatest common divisor of 4257 and 58707?
99
What is the highest common divisor of 3577659 and 636?
159
What is the highest common factor of 9472 and 407?
37
What is the greatest common divisor of 211 and 363553?
211
Calculate the greatest common factor of 4532 and 33372.
412
Calculate the highest common divisor of 80 and 2474380.
20
What is the highest common factor of 50 and 583100?
50
Calculate the highest common divisor of 593314 and 688.
86
Calculate the greatest common factor of 9 and 668790.
9
Calculate the greatest common factor of 112 and 258928.
16
Calculate the greatest common divisor of 3366 and 799.
17
Calculate the greatest common factor of 275 and 4308425.
275
What is the greatest common divisor of 10527 and 290?
29
Calculate the highest common factor of 1612856 and 28.
28
What is the highest common divisor of 280 and 369838?
14
What is the greatest common factor of 945 and 875?
35
What is the greatest common factor of 82313 and 154?
77
What is the greatest common factor of 1869611 and 214?
107
Calculate the greatest common factor of 13587 and 12293.
647
Calculate the greatest common factor of 496 and 13175.
31
What is the greatest common divisor of 958398 and 84?
42
Calculate the greatest common factor of 5850 and 7650.
450
Calculate the greatest common divisor of 201758 and 5026.
718
Calculate the greatest common divisor of 13 and 71734.
13
Calculate the greatest common divisor